576 a multiple of 2143?
False
Is 1111 a factor of 226986585?
False
Is 3146 a factor of 95971876?
True
Is 34606251 a multiple of 164?
False
Does 19 divide 51492343?
False
Does 14 divide 151790114?
True
Is 466067777 a multiple of 19?
True
Is 27 a factor of 588979115?
False
Is 15099260 a multiple of 1599?
False
Is 3892 a factor of 731698925?
False
Does 3052 divide 74639958?
False
Is 7461608 a multiple of 56?
True
Is 7 a factor of 1465541?
True
Is 83 a factor of 1036970958?
True
Is 120 a factor of 676359870?
False
Does 1320 divide 2327529600?
True
Is 40885882 a multiple of 1363?
False
Is 245607733 a multiple of 3662?
False
Does 3010 divide 102242804?
False
Is 18143143 a multiple of 10?
False
Is 1630882284 a multiple of 6?
True
Does 35 divide 39122960?
False
Is 403259414 a multiple of 17?
True
Does 263 divide 25434381?
False
Does 1290 divide 508732140?
True
Is 102 a factor of 93369270?
True
Is 2419 a factor of 18767375?
False
Is 52 a factor of 8389018?
False
Is 30 a factor of 513919008?
False
Does 39 divide 517085088?
True
Is 23133584 a multiple of 23?
True
Does 160 divide 38380960?
True
Is 50 a factor of 23220623?
False
Is 1279381013 a multiple of 3152?
False
Is 268418917 a multiple of 3344?
False
Is 220152966 a multiple of 1562?
True
Is 1529 a factor of 151698206?
True
Does 20 divide 3243260?
True
Is 4862035 a multiple of 5?
True
Does 115 divide 67099970?
True
Does 131 divide 172212856?
False
Is 243 a factor of 294827769?
True
Does 381 divide 14401800?
True
Does 17 divide 193794985?
True
Is 6342647 a multiple of 1190?
False
Does 5483 divide 73071941?
True
Does 146 divide 1166252491?
False
Is 6706396620 a multiple of 180?
True
Is 1737802220 a multiple of 10?
True
Is 165971237 a multiple of 211?
False
Is 149250114 a multiple of 234?
True
Is 18 a factor of 4840961370?
False
Does 17 divide 37776329?
True
Does 2946 divide 1351035485?
False
Is 8 a factor of 1913645608?
True
Is 64955616 a multiple of 1056?
True
Is 18 a factor of 828610650?
True
Is 207516950 a multiple of 194?
True
Is 14760170 a multiple of 20?
False
Is 39 a factor of 10395957?
True
Does 26 divide 15111324?
False
Does 21 divide 22274658?
True
Is 1093663056 a multiple of 12?
True
Does 1545 divide 62569289?
False
Is 118 a factor of 1976772198?
False
Does 227 divide 895846?
False
Is 14894280 a multiple of 8?
True
Is 199 a factor of 16876195?
True
Is 24 a factor of 38780566?
False
Is 581133404 a multiple of 359?
True
Does 404 divide 175803832?
True
Does 2010 divide 21910613?
False
Is 103 a factor of 29956235?
False
Is 144830176 a multiple of 8?
True
Is 72624317 a multiple of 23?
True
Is 602580515 a multiple of 194?
False
Is 28099900 a multiple of 50?
True
Is 54 a factor of 154241172?
True
Does 167 divide 6359193?
True
Does 598 divide 165212898?
False
Does 370 divide 4216506071?
False
Does 713 divide 14213705?
False
Is 9164652 a multiple of 21?
True
Is 36551412 a multiple of 2997?
True
Is 65 a factor of 221063810?
False
Is 916 a factor of 156579208?
True
Is 368 a factor of 20417935?
False
Is 3 a factor of 104167689?
True
Does 11 divide 44147680?
False
Is 3374 a factor of 41682087?
False
Does 1986 divide 529022736?
True
Is 3184 a factor of 2784116?
False
Is 21605712 a multiple of 94?
True
Does 19 divide 59336126?
True
Is 1086868847 a multiple of 173?
False
Does 15 divide 464649815?
False
Is 2877649 a multiple of 39?
False
Is 2204077846 a multiple of 2090?
False
Is 401 a factor of 33694640?
False
Does 682 divide 58564022?
True
Does 2133 divide 3165407354?
False
Is 24560237 a multiple of 56?
False
Does 12 divide 113176542?
False
Is 10 a factor of 8157463?
False
Is 203267660 a multiple of 10?
True
Does 1217 divide 261886230?
True
Is 302 a factor of 35538500?
False
Is 10 a factor of 287704780?
True
Is 398100988 a multiple of 12?
False
Is 408 a factor of 88255890?
False
Is 69 a factor of 25351014?
True
Does 1041 divide 5819210?
False
Is 11397 a factor of 3623381229?
False
Does 11 divide 3034798?
False
Is 9 a factor of 355555527?
False
Is 148 a factor of 21356234?
False
Is 6478 a factor of 159226781?
False
Is 113 a factor of 1400533978?
True
Is 229 a factor of 182394870?
False
Is 18 a factor of 208737168?
False
Is 142 a factor of 1175017699?
False
Is 25907228 a multiple of 614?
False
Is 5 a factor of 53380480?
True
Is 63516945 a multiple of 2465?
False
Is 52672175 a multiple of 64?
False
Is 4 a factor of 19291222?
False
Does 16 divide 3956470896?
True
Is 13753323 a multiple of 304?
False
Is 412367234 a multiple of 320?
False
Does 476 divide 60876592?
True
Is 148 a factor of 247438178?
False
Is 23 a factor of 88423619?
False
Does 5 divide 1586930326?
False
Is 4754397648 a multiple of 2288?
True
Is 10 a factor of 29617950?
True
Does 3105 divide 172945395?
True
Is 16903458 a multiple of 4378?
True
Is 66 a factor of 706591710?
True
Does 131 divide 901766212?
False
Is 29 a factor of 3467039958?
True
Does 3533 divide 247748092?
True
Is 18859932 a multiple of 84?
True
Is 934 a factor of 159161072?
True
Does 597 divide 233640129?
True
Is 6 a factor of 159638?
False
Is 128018374 a multiple of 67?
True
Is 13 a factor of 41160689?
False
Does 125 divide 1629838?
False
Does 18 divide 21930390?
True
Is 64360959 a multiple of 199?
False
Does 10 divide 3658220?
True
Does 67 divide 403128908?
False
Is 286587532 a multiple of 308?
True
Is 102 a factor of 624773766?
True
Does 877 divide 26443304?
True
Is 120 a factor of 440604790?
False
Is 124 a factor of 92124188?
True
Is 3 a factor of 77170431?
True
Is 13 a factor of 218778092?
True
Is 61390056 a multiple of 182?
True
Is 75 a factor of 28617675?
True
Does 67 divide 30563122?
True
Is 9723408 a multiple of 369?
False
Does 36 divide 988347924?
True
Does 813 divide 107354211?
True
Is 50282856 a multiple of 1053?
True
Is 114509745 a multiple of 21?
True
Is 38 a factor of 166557610?
True
Is 157309664 a multiple of 114?
False
Is 63 a factor of 336966777?
True
Does 6 divide 122282003?
False
Is 379574 a multiple of 4?
False
Is 42839390 a multiple of 2101?
True
Does 30 divide 105793980?
True
Is 162124950 a multiple of 355?
True
Is 255 a factor of 67579335?
True
Is 1798063554 a multiple of 23?
False
Does 1543 divide 437047255?
False
Is 7489172 a multiple of 1832?
False
Is 1765596 a multiple of 3?
True
Is 109 a factor of 251090002?
True
Is 95 a factor of 6466005?
False
Is 305740700 a multiple of 1459?
False
Is 1129 a factor of 1221977110?
False
Does 18 divide 143802360?
True
Is 9 a factor of 152026741?
False
Is 563 a factor of 9665913?
False
Is 3 a factor of 6162117?
True
Does 227 divide 2633317?
False
Does 1140 divide 1398720239?
False
Does 6 divide 20717986?
False
Does 7 divide 650606946?
False
Is 43063149 a multiple of 1299?
True
Is 9 a factor of 20309840?
False
Is 530197412 a multiple of 428?
True
Does 14 divide 22312718?
False
Does 147 divide 235989110?
False
Does 16 divide 233747376?
True
Is 97 a factor of 4292036742?
False
Does 22 divide 773563607?
False
Is 104 a factor of 18262089?
False
Is 347800559 a multiple of 60?
False
Does 384 divide 60555648?
True
Does 2 divide 10891027?
False
Is 2387 a factor of 88287969?
True
Does 64 divide 107649769?
False
Is 128 a factor of 1747008226?
False
Does 2745 divide 999509400?
True
Is 8427159 a multiple of 1431?
True
Does 13 divide 7037992?
True
Is 874796064 a multiple of 17?
True
Is 75 a factor of 1003832925?
True
Is 1609 a factor of 724415243?
True
Does 3212 divide 50617908?
True
Does 1566 divide 936156366?
True
Is 1511763026 a multiple of 76?
False
Does 2290 divide 80839557?
False
Is 13737 a factor of 2362942581?
True
Is 41232523 a multiple of 61?
True
Is 54255233 a multiple of 123?
False
Is 211063452 a multiple of 1401?
True
Does 228 divide 1222930?
False
Is 12 a factor of 267520029?
False
Does 1135 divide 98950176?
False
Is 1516 a factor of 2119305844?
True
Is 144488754 a multiple of 219?
True
Is 31709034 a multiple of 18?
True
Is 163347000 a multiple of 250?
True
Is 30 a factor of 59693695?
False
Is 2387 a factor of 344160047?
True
Is 2197 a factor of 36549292?
True
Is 1953235158 a multiple of 14?
True
Is 1018 a factor of 14651309?
False
Does 48 divide 256791742?
False
Is 520 a factor of 13151906?
False
Does 95 divide 52719890?
False
Is 119 a factor of 115545661?
False
Does 11 divide 87487741?
True
Is 2446 a factor of 4462